{"id":10,"date":"2026-01-08T14:40:25","date_gmt":"2026-01-08T14:40:25","guid":{"rendered":"http:\/\/37.18.42.237:8080\/index.php\/renovation-ep\/"},"modified":"2026-02-02T09:53:39","modified_gmt":"2026-02-02T09:53:39","slug":"renovation-ep","status":"publish","type":"page","link":"https:\/\/www.cylumine.fr\/index.php\/renovation-ep\/","title":{"rendered":"R\u00e9novation EP"},"content":{"rendered":"<div class=\"page-header\">\n<h2>Une identit\u00e9 lumi\u00e8re pour l&rsquo;agglom\u00e9ration<\/h2>\n<\/div>\n<div class=\"icons\">\n<div class=\"btn-group pull-right\"><\/div>\n<\/div>\n<div>\n<p><span class=\"arial\">L&rsquo;objectif premier de l\u2019<strong>\u00e9clairage public<\/strong>\u00a0est d\u2019assurer la s\u00e9curit\u00e9 des biens, des personnes et des d\u00e9placements la nuit. Il permet notamment d\u2019am\u00e9liorer la perception des distances de nuit, d\u2019identifier les obstacles et d\u2019assurer\u00a0<strong>une meilleure perception du cadre de vie effac\u00e9 par la nuit.<\/strong><\/span><\/p>\n<table border=\"0\" cellspacing=\"0\" cellpadding=\"2\">\n<tbody>\n<tr>\n<td valign=\"top\" width=\"70%\" height=\"206\"><span class=\"arial\"><br \/>\nPar ailleurs, l\u2019<\/span><span class=\"arialBold\">\u00e9clairage public<\/span><span class=\"arial\">\u00a0est un \u00e9l\u00e9ment essentiel de l\u2019am\u00e9nagement urbain et il joue un r\u00f4le d\u00e9terminant dans la\u00a0<\/span><span class=\"arialBold\">qualit\u00e9 de vie<\/span><span class=\"arial\">\u00a0des habitants du territoire. Il contribue ainsi \u00e0 la mise en place d\u2019une image nocturne de la ville, favorise la cr\u00e9ation d\u2019ambiances cr\u00e9pusculaires et contribue \u00e0 la cr\u00e9ation d\u2019un espace urbain aussi bien diurne que nocturne.\u00a0<\/span><span class=\"arialBold\">Il participe \u00e0 l\u2019identit\u00e9 d\u2019un territoire<\/span><span class=\"arial\"><span class=\"arial\">, tout comme le mobilier urbain, les espaces verts ou les choix architecturaux.<\/span><\/span>Ces objectifs ont \u00e9t\u00e9 repris dans le cadre des travaux pr\u00e9paratoires \u00e0 l\u2019\u00e9laboration du<\/p>\n<p><span class=\"arialBold\">sch\u00e9ma directeur d\u2019am\u00e9nagement lumi\u00e8re de la Communaut\u00e9 d\u2019agglom\u00e9ration<\/span><span class=\"arial\">\u00a0et devront faire partie des engagements assign\u00e9s aux entreprises prestataires de la Communaut\u00e9 d\u2019Agglom\u00e9ration.<br \/>\n<\/span><\/td>\n<td align=\"right\" valign=\"top\"><img loading=\"lazy\" decoding=\"async\" src=\"https:\/\/www.cylumine.fr\/img\/CHROMATISME2013.png\" width=\"300\" height=\"216\" border=\"1\" \/><\/td>\n<\/tr>\n<\/tbody>\n<\/table>\n<p><span class=\"arial\">Parmi les id\u00e9es ma\u00eetresses, on retiendra celle du juste \u00e9clairage qui pr\u00e9conise :<br \/>\n<img loading=\"lazy\" decoding=\"async\" src=\"https:\/\/www.cylumine.fr\/images\/puce1.png\" width=\"13\" height=\"11\" border=\"0\" \/>\u00a0\u00a0<\/span><span class=\"arialBold\">la bonne intensit\u00e9 lumineuse<\/span><span class=\"arial\">\u00a0l\u00e0 o\u00f9 il faut, quand il faut et au meilleur co\u00fbt ;<br \/>\n<img loading=\"lazy\" decoding=\"async\" src=\"https:\/\/www.cylumine.fr\/img\/puce1.png\" width=\"13\" height=\"11\" border=\"0\" \/>\u00a0\u00a0<\/span><span class=\"arialBold\">un \u00e9clairage adapt\u00e9<\/span><span class=\"arial\">\u00a0\u00e0 chaque espace.<\/span><\/p>\n<p>On retiendra \u00e9galement l\u2019identification par la lumi\u00e8re des\u00a0<span class=\"arialBold\">c\u0153urs de vie<\/span><span class=\"arial\">, la valorisation des acc\u00e8s pi\u00e9tons et la valorisation du patrimoine majeur de l\u2019agglom\u00e9ration, tout en pr\u00e9servant les espaces naturels et autres objectifs conformes \u00e0 nos exigences de d\u00e9veloppement durable \u2013\u00a0<\/span><span class=\"arialBold\">agenda 21<\/span><span class=\"arial\">\u00a0(favoriser le recours \u00e0 des \u00e9quipements \u00e9co-con\u00e7us, r\u00e9duction des nuisances lumineuses, \u00e9conomie d\u2019\u00e9nergie, bilan d\u2019\u00e9mission des gaz \u00e0 effet de serre, gestion des d\u00e9chets, etc.).<\/span><\/p>\n<p class=\"arial\"><span class=\"arialBold\">Le Sch\u00e9ma directeur d\u2019am\u00e9nagement lumi\u00e8re (SDAL)<\/span>\u00a0permet de d\u00e9finir les principes d&rsquo;\u00e9clairage public sur l\u2019ensemble de l\u2019agglom\u00e9ration, en termes d\u2019image, de mat\u00e9riels et de qualit\u00e9. Il r\u00e9pond ainsi \u00e0 un certain nombre d\u2019objectifs.<\/p>\n<p class=\"arial\"><span class=\"arialRubrique\">Les objectifs d\u2019usage<\/span><\/p>\n<p><span class=\"arialBold\">Faciliter la lecture du territoire<\/span><br \/>\nLa lumi\u00e8re participe \u00e0 l&rsquo;organisation et l&rsquo;am\u00e9nagement de l&rsquo;espace, par le choix des \u00e9l\u00e9ments mis en lumi\u00e8re et par leur hi\u00e9rarchisation.<\/p>\n<p class=\"arial\"><span class=\"arialBold\">Affirmer des marqueurs urbains<\/span><br \/>\nLa lumi\u00e8re, en valorisant certains volumes, offre une lecture plus structur\u00e9e des \u00e9l\u00e9ments architecturaux de Cergy-Pontoise.<\/p>\n<p class=\"arial\"><span class=\"arialBold\">Cr\u00e9er des liens et cheminements<\/span><br \/>\nUn traitement lumi\u00e8re adapt\u00e9 permet d\u2019appr\u00e9hender la fa\u00e7on dont est organis\u00e9 un espace (\u00e9valuation des distances, compr\u00e9hension de l&rsquo;environnement), de mieux se rep\u00e9rer, de s\u2019orienter, mais \u00e9galement de cr\u00e9er une ambiance propice \u00e0 la d\u00e9ambulation.<\/p>\n<p class=\"arial\"><span class=\"arialBold\">Am\u00e9liorer le sentiment de s\u00e9curit\u00e9<\/span><br \/>\nLe sentiment de s\u00e9curit\u00e9 est directement li\u00e9 \u00e0 la perception de l\u2019environnement dans lequel nous nous trouvons. La lumi\u00e8re permet de voir et d\u2019\u00eatre vu et, \u00e0 ce titre, est consid\u00e9r\u00e9e comme rassurante.<\/p>\n<p class=\"arial\"><span class=\"arialBold\">Assurer une cohabitation des pi\u00e9tons et des v\u00e9hicules<\/span><br \/>\nEn vision nocturne, il est important de distinguer intuitivement et rapidement les espaces pi\u00e9tons des espaces de circulation. La lumi\u00e8re, par ses d\u00e9clinaisons de teintes (dor\u00e9e, blanc chaud, blanc froid) et ses diff\u00e9r\u00e9rents traitements (surface, volume), participe \u00e0 cette distinction.<\/p>\n<p class=\"arial\"><span class=\"arialRubrique\">Les objectifs d\u2019image<\/span><\/p>\n<p><span class=\"arialBold\">Modeler une image nocturne<\/span><br \/>\nL\u2019\u00e9clairage nocturne n\u2019a pas vocation \u00e0 reproduire l\u2019\u00e9clairage diurne mais bien \u00e0 offrir une lecture diff\u00e9rente du territoire en soulignant, par des contrastes de lumi\u00e8re, certains \u00e9l\u00e9ments du paysage urbain. La mise en lumi\u00e8re permet donc l&#8217;embellissement des espaces publics et participe de son appropriation par les habitants.<\/p>\n<p class=\"arial\"><span class=\"arialRubrique\">Les objectifs esth\u00e9tiques<\/span><\/p>\n<p><span class=\"arialBold\">G\u00e9rer l\u2019impact des installations sur l\u2019image diurne de la ville<\/span><br \/>\nLe mobilier d&rsquo;\u00e9clairage public participe \u00e9galement \u00e0 affirmer l\u2019image diurne de l\u2019agglom\u00e9ration. Ainsi, un cand\u00e9labre peut contribuer \u00e0 l\u2019identification et \u00e0 l&rsquo;unification des diff\u00e9rents quartiers, voies, espaces (design, couleur\u2026).<\/p>\n<\/div>\n","protected":false},"excerpt":{"rendered":"<p>Une identit\u00e9 lumi\u00e8re pour l&rsquo;agglom\u00e9ration L&rsquo;objectif premier de l\u2019\u00e9clairage public\u00a0est d\u2019assurer la s\u00e9curit\u00e9 des biens, des personnes et des d\u00e9placements [&hellip;]<\/p>\n","protected":false},"author":1,"featured_media":576,"parent":0,"menu_order":0,"comment_status":"closed","ping_status":"closed","template":"","meta":{"site-sidebar-layout":"default","site-content-layout":"","ast-site-content-layout":"default","site-content-style":"default","site-sidebar-style":"default","ast-global-header-display":"","ast-banner-title-visibility":"","ast-main-header-display":"","ast-hfb-above-header-display":"","ast-hfb-below-header-display":"","ast-hfb-mobile-header-display":"","site-post-title":"","ast-breadcrumbs-content":"","ast-featured-img":"","footer-sml-layout":"","ast-disable-related-posts":"","theme-transparent-header-meta":"default","adv-header-id-meta":"","stick-header-meta":"","header-above-stick-meta":"","header-main-stick-meta":"","header-below-stick-meta":"","astra-migrate-meta-layouts":"set","ast-page-background-enabled":"default","ast-page-background-meta":{"desktop":{"background-color":"var(--ast-global-color-5)","background-image":"","background-repeat":"repeat","background-position":"center center","background-size":"auto","background-attachment":"scroll","background-type":"","background-media":"","overlay-type":"","overlay-color":"","overlay-opacity":"","overlay-gradient":""},"tablet":{"background-color":"","background-image":"","background-repeat":"repeat","background-position":"center center","background-size":"auto","background-attachment":"scroll","background-type":"","background-media":"","overlay-type":"","overlay-color":"","overlay-opacity":"","overlay-gradient":""},"mobile":{"background-color":"","background-image":"","background-repeat":"repeat","background-position":"center center","background-size":"auto","background-attachment":"scroll","background-type":"","background-media":"","overlay-type":"","overlay-color":"","overlay-opacity":"","overlay-gradient":""}},"ast-content-background-meta":{"desktop":{"background-color":"var(--ast-global-color-4)","background-image":"","background-repeat":"repeat","background-position":"center center","background-size":"auto","background-attachment":"scroll","background-type":"","background-media":"","overlay-type":"","overlay-color":"","overlay-opacity":"","overlay-gradient":""},"tablet":{"background-color":"var(--ast-global-color-4)","background-image":"","background-repeat":"repeat","background-position":"center center","background-size":"auto","background-attachment":"scroll","background-type":"","background-media":"","overlay-type":"","overlay-color":"","overlay-opacity":"","overlay-gradient":""},"mobile":{"background-color":"var(--ast-global-color-4)","background-image":"","background-repeat":"repeat","background-position":"center center","background-size":"auto","background-attachment":"scroll","background-type":"","background-media":"","overlay-type":"","overlay-color":"","overlay-opacity":"","overlay-gradient":""}},"footnotes":""},"class_list":["post-10","page","type-page","status-publish","has-post-thumbnail","hentry"],"_links":{"self":[{"href":"https:\/\/www.cylumine.fr\/index.php\/wp-json\/wp\/v2\/pages\/10","targetHints":{"allow":["GET"]}}],"collection":[{"href":"https:\/\/www.cylumine.fr\/index.php\/wp-json\/wp\/v2\/pages"}],"about":[{"href":"https:\/\/www.cylumine.fr\/index.php\/wp-json\/wp\/v2\/types\/page"}],"author":[{"embeddable":true,"href":"https:\/\/www.cylumine.fr\/index.php\/wp-json\/wp\/v2\/users\/1"}],"replies":[{"embeddable":true,"href":"https:\/\/www.cylumine.fr\/index.php\/wp-json\/wp\/v2\/comments?post=10"}],"version-history":[{"count":2,"href":"https:\/\/www.cylumine.fr\/index.php\/wp-json\/wp\/v2\/pages\/10\/revisions"}],"predecessor-version":[{"id":587,"href":"https:\/\/www.cylumine.fr\/index.php\/wp-json\/wp\/v2\/pages\/10\/revisions\/587"}],"wp:featuredmedia":[{"embeddable":true,"href":"https:\/\/www.cylumine.fr\/index.php\/wp-json\/wp\/v2\/media\/576"}],"wp:attachment":[{"href":"https:\/\/www.cylumine.fr\/index.php\/wp-json\/wp\/v2\/media?parent=10"}],"curies":[{"name":"wp","href":"https:\/\/api.w.org\/{rel}","templated":true}]}}