{"id":12,"date":"2026-01-08T14:40:28","date_gmt":"2026-01-08T14:40:28","guid":{"rendered":"http:\/\/37.18.42.237:8080\/index.php\/cylumine\/"},"modified":"2026-02-02T09:47:10","modified_gmt":"2026-02-02T09:47:10","slug":"cylumin","status":"publish","type":"page","link":"https:\/\/www.cylumine.fr\/index.php\/cylumin\/","title":{"rendered":"Cylumine"},"content":{"rendered":"<div class=\"page-header\">\n<h2>Cylumine : partenaire de l&rsquo;agglom\u00e9ration<\/h2>\n<\/div>\n<div class=\"icons\">\n<div class=\"btn-group pull-right\"><\/div>\n<\/div>\n<div>\n<p><span class=\"arial\">Le r\u00e9seau d\u2019\u00e9clairage public de Cergy-Pontoise date de la cr\u00e9ation de la ville nouvelle. Les ann\u00e9es passant, sa v\u00e9tust\u00e9 a g\u00e9n\u00e9r\u00e9 un nombre d\u2019incidents croissant. Afin d\u2019y rem\u00e9dier, il a \u00e9t\u00e9 d\u00e9cid\u00e9 de r\u00e9nover tout le r\u00e9seau plut\u00f4t que d\u2019agir ponctuellement.<br \/>\n<\/span><\/p>\n<table border=\"0\" cellspacing=\"0\" cellpadding=\"2\">\n<tbody>\n<tr>\n<td valign=\"top\" width=\"70%\" height=\"225\"><span class=\"arial\">En 2012, la Communaut\u00e9 d\u2019Agglom\u00e9ration se voit transf\u00e9rer la comp\u00e9tence \u00ab\u00a0\u00e9clairage public\u00a0\u00bb de ses 13 Communes. En 2013, les \u00e9tudes sont achev\u00e9es et face \u00e0 l\u2019ampleur du sujet, une consultation pour mettre en place un contrat de partenariat est lanc\u00e9. Au terme de celle-ci, le groupement d\u2019entreprises\u00a0<strong>Cylumine<\/strong>\u00a0est retenu.<\/span><\/p>\n<p>Le contrat, d\u2019une dur\u00e9e de 18 ans, pr\u00e9voit que 80\u00a0% des travaux de r\u00e9novation du r\u00e9seau d\u2019\u00e9clairage public soient r\u00e9alis\u00e9s dans les cinq premi\u00e8res ann\u00e9es. Pr\u00e8s de 1400 chantiers de reconstruction de l\u2019\u00e9clairage public sont ainsi programm\u00e9s \u00e0 Cergy-Pontoise avec notamment la r\u00e9novation de 21\u00a0000 points lumineux et l\u2019installation de 7\u00a0000 luminaires \u00e0 led.<\/p>\n<p><strong>Cylumine<\/strong>\u00a0assure \u00e0 la fois la r\u00e9novation et la gestion du r\u00e9seau sur toute la dur\u00e9e du contrat.<\/p>\n<p><strong>Cylumine<\/strong>\u00a0est l\u2019union de comp\u00e9tences compl\u00e9mentaires des 3 soci\u00e9t\u00e9s\u00a0<a href=\"http:\/\/www.citeos.fr\/\" target=\"_blank\" rel=\"noopener\">Cit\u00e9os<\/a>\u00a0(marque \u00ab lumi\u00e8re \u00bb de\u00a0<a href=\"http:\/\/www.vinci-energies.com\/\" target=\"_blank\" rel=\"noopener\">VINCI Energies<\/a>),\u00a0<a href=\"http:\/\/www.spie.com\/\" target=\"_blank\" rel=\"noopener\">Spie<\/a>\u00a0et\u00a0<a href=\"http:\/\/www.entra.fr\/\" target=\"_blank\" rel=\"noopener\">Entra<\/a>, destin\u00e9e \u00e0 r\u00e9pondre pleinement aux besoins de la CACP qui n\u00e9cessitent la mise en place de moyens exceptionnels.<\/p>\n<p>&nbsp;<\/td>\n<td align=\"right\" valign=\"top\"><img loading=\"lazy\" decoding=\"async\" src=\"https:\/\/www.cylumine.fr\/img\/camionCylumine.jpg\" width=\"300\" height=\"200\" border=\"1\" \/><\/td>\n<\/tr>\n<\/tbody>\n<\/table>\n<\/div>\n","protected":false},"excerpt":{"rendered":"<p>Cylumine : partenaire de l&rsquo;agglom\u00e9ration Le r\u00e9seau d\u2019\u00e9clairage public de Cergy-Pontoise date de la cr\u00e9ation de la ville nouvelle. Les [&hellip;]<\/p>\n","protected":false},"author":1,"featured_media":577,"parent":0,"menu_order":0,"comment_status":"closed","ping_status":"closed","template":"","meta":{"site-sidebar-layout":"default","site-content-layout":"","ast-site-content-layout":"default","site-content-style":"default","site-sidebar-style":"default","ast-global-header-display":"","ast-banner-title-visibility":"","ast-main-header-display":"","ast-hfb-above-header-display":"","ast-hfb-below-header-display":"","ast-hfb-mobile-header-display":"","site-post-title":"","ast-breadcrumbs-content":"","ast-featured-img":"","footer-sml-layout":"","ast-disable-related-posts":"","theme-transparent-header-meta":"default","adv-header-id-meta":"","stick-header-meta":"","header-above-stick-meta":"","header-main-stick-meta":"","header-below-stick-meta":"","astra-migrate-meta-layouts":"set","ast-page-background-enabled":"default","ast-page-background-meta":{"desktop":{"background-color":"var(--ast-global-color-5)","background-image":"","background-repeat":"repeat","background-position":"center center","background-size":"auto","background-attachment":"scroll","background-type":"","background-media":"","overlay-type":"","overlay-color":"","overlay-opacity":"","overlay-gradient":""},"tablet":{"background-color":"","background-image":"","background-repeat":"repeat","background-position":"center center","background-size":"auto","background-attachment":"scroll","background-type":"","background-media":"","overlay-type":"","overlay-color":"","overlay-opacity":"","overlay-gradient":""},"mobile":{"background-color":"","background-image":"","background-repeat":"repeat","background-position":"center center","background-size":"auto","background-attachment":"scroll","background-type":"","background-media":"","overlay-type":"","overlay-color":"","overlay-opacity":"","overlay-gradient":""}},"ast-content-background-meta":{"desktop":{"background-color":"var(--ast-global-color-4)","background-image":"","background-repeat":"repeat","background-position":"center center","background-size":"auto","background-attachment":"scroll","background-type":"","background-media":"","overlay-type":"","overlay-color":"","overlay-opacity":"","overlay-gradient":""},"tablet":{"background-color":"var(--ast-global-color-4)","background-image":"","background-repeat":"repeat","background-position":"center center","background-size":"auto","background-attachment":"scroll","background-type":"","background-media":"","overlay-type":"","overlay-color":"","overlay-opacity":"","overlay-gradient":""},"mobile":{"background-color":"var(--ast-global-color-4)","background-image":"","background-repeat":"repeat","background-position":"center center","background-size":"auto","background-attachment":"scroll","background-type":"","background-media":"","overlay-type":"","overlay-color":"","overlay-opacity":"","overlay-gradient":""}},"footnotes":""},"class_list":["post-12","page","type-page","status-publish","has-post-thumbnail","hentry"],"_links":{"self":[{"href":"https:\/\/www.cylumine.fr\/index.php\/wp-json\/wp\/v2\/pages\/12","targetHints":{"allow":["GET"]}}],"collection":[{"href":"https:\/\/www.cylumine.fr\/index.php\/wp-json\/wp\/v2\/pages"}],"about":[{"href":"https:\/\/www.cylumine.fr\/index.php\/wp-json\/wp\/v2\/types\/page"}],"author":[{"embeddable":true,"href":"https:\/\/www.cylumine.fr\/index.php\/wp-json\/wp\/v2\/users\/1"}],"replies":[{"embeddable":true,"href":"https:\/\/www.cylumine.fr\/index.php\/wp-json\/wp\/v2\/comments?post=12"}],"version-history":[{"count":3,"href":"https:\/\/www.cylumine.fr\/index.php\/wp-json\/wp\/v2\/pages\/12\/revisions"}],"predecessor-version":[{"id":586,"href":"https:\/\/www.cylumine.fr\/index.php\/wp-json\/wp\/v2\/pages\/12\/revisions\/586"}],"wp:featuredmedia":[{"embeddable":true,"href":"https:\/\/www.cylumine.fr\/index.php\/wp-json\/wp\/v2\/media\/577"}],"wp:attachment":[{"href":"https:\/\/www.cylumine.fr\/index.php\/wp-json\/wp\/v2\/media?parent=12"}],"curies":[{"name":"wp","href":"https:\/\/api.w.org\/{rel}","templated":true}]}}