{"id":7,"date":"2026-01-08T14:40:19","date_gmt":"2026-01-08T14:40:19","guid":{"rendered":"http:\/\/37.18.42.237:8080\/index.php\/jallume-ma-rue\/"},"modified":"2026-02-12T10:17:01","modified_gmt":"2026-02-12T10:17:01","slug":"jallume-ma-rue","status":"publish","type":"page","link":"https:\/\/www.cylumine.fr\/index.php\/jallume-ma-rue\/","title":{"rendered":"J&rsquo;allume ma rue"},"content":{"rendered":"<div class=\"page-header\">\n<p>Si vous avez besoin d\u2019allumer votre rue, vous pouvez t\u00e9l\u00e9charger<strong>\u00a0l&rsquo;application \u00ab\u00a0J&rsquo;allume ma rue\u00a0\u00bb<\/strong>\u00a0sur\u00a0<strong>Android<\/strong>\u00a0et\u00a0<strong>IOS<\/strong>.<\/p>\n<\/div>\n<p><img loading=\"lazy\" decoding=\"async\" class=\"alignnone wp-image-604\" src=\"http:\/\/37.18.42.237:8080\/wp-content\/uploads\/2026\/02\/jmr.jpg\" alt=\"\" width=\"390\" height=\"405\" srcset=\"https:\/\/www.cylumine.fr\/wp-content\/uploads\/2026\/02\/jmr.jpg 1125w, https:\/\/www.cylumine.fr\/wp-content\/uploads\/2026\/02\/jmr-289x300.jpg 289w, https:\/\/www.cylumine.fr\/wp-content\/uploads\/2026\/02\/jmr-985x1024.jpg 985w, https:\/\/www.cylumine.fr\/wp-content\/uploads\/2026\/02\/jmr-768x798.jpg 768w\" sizes=\"auto, (max-width: 390px) 100vw, 390px\" \/><\/p>\n<p>Puis accepter les CGU, et autoriser la localisation lorsque l&rsquo;app est active :<\/p>\n<p><img loading=\"lazy\" decoding=\"async\" class=\"alignnone wp-image-606\" src=\"http:\/\/37.18.42.237:8080\/wp-content\/uploads\/2026\/02\/jmr22.jpg\" alt=\"\" width=\"128\" height=\"277\" srcset=\"https:\/\/www.cylumine.fr\/wp-content\/uploads\/2026\/02\/jmr22.jpg 1125w, https:\/\/www.cylumine.fr\/wp-content\/uploads\/2026\/02\/jmr22-139x300.jpg 139w, https:\/\/www.cylumine.fr\/wp-content\/uploads\/2026\/02\/jmr22-473x1024.jpg 473w, https:\/\/www.cylumine.fr\/wp-content\/uploads\/2026\/02\/jmr22-768x1663.jpg 768w, https:\/\/www.cylumine.fr\/wp-content\/uploads\/2026\/02\/jmr22-709x1536.jpg 709w, https:\/\/www.cylumine.fr\/wp-content\/uploads\/2026\/02\/jmr22-946x2048.jpg 946w\" sizes=\"auto, (max-width: 128px) 100vw, 128px\" \/>\u00a0 \u00a0 \u00a0 \u00a0 \u00a0 <img loading=\"lazy\" decoding=\"async\" class=\"alignnone wp-image-605\" src=\"http:\/\/37.18.42.237:8080\/wp-content\/uploads\/2026\/02\/jmr33.jpg\" alt=\"\" width=\"126\" height=\"273\" srcset=\"https:\/\/www.cylumine.fr\/wp-content\/uploads\/2026\/02\/jmr33.jpg 295w, https:\/\/www.cylumine.fr\/wp-content\/uploads\/2026\/02\/jmr33-138x300.jpg 138w\" sizes=\"auto, (max-width: 126px) 100vw, 126px\" \/><\/p>\n<p>&nbsp;<\/p>\n<p>&nbsp;<\/p>\n<div>\n<p>Ou en utilisant le navigateur de votre smartphone en flashant le Qrcode ci dessous\u00a0 :<\/p>\n<p><img decoding=\"async\" src=\"https:\/\/www.cylumine.fr\/images\/jallumemarue\/frame.png\" alt=\"\" \/><\/p>\n<p class=\"Standard\">(<a href=\"http:\/\/www.jallume.fr\/\">www.jallume.fr<\/a>)<\/p>\n<p class=\"Standard\">Vous devez autoriser la g\u00e9olocalisation afin d\u2019utiliser le service.<\/p>\n<p class=\"Standard\"><strong>Etape 1\u00a0:<br \/>\n<\/strong><br \/>\nVotre position appara\u00eet sur la carte. Si vous \u00eates dans une zone \u00e9quip\u00e9e (zones en jaune), l\u2019allumage sera possible.<\/p>\n<p><img loading=\"lazy\" decoding=\"async\" src=\"https:\/\/www.cylumine.fr\/images\/jallumemarue\/OFF.jpg\" alt=\"\" width=\"295\" height=\"471\" \/><\/p>\n<p class=\"Standard\"><strong>Etape 2\u00a0:<\/strong><\/p>\n<p class=\"Standard\">Si vous souhaitez activer la lumi\u00e8re de votre rue, vous cliquez sur l\u2019ampoule.<br \/>\nVous activez l\u2019\u00e9clairage durant<strong>\u00a010 minutes<\/strong>.<\/p>\n<p><img loading=\"lazy\" decoding=\"async\" src=\"https:\/\/www.cylumine.fr\/images\/jallumemarue\/ON.jpg\" alt=\"\" width=\"297\" height=\"476\" \/><\/p>\n<p>Activation g\u00e9olocalisation pour Iphone :<br \/>\n<img decoding=\"async\" src=\"https:\/\/www.cylumine.fr\/images\/jallumemarue\/Tuto-Activation-golocalisation-pour-Iphone-site.jpg\" alt=\"\" \/><\/p>\n<\/div>\n","protected":false},"excerpt":{"rendered":"<p>Si vous avez besoin d\u2019allumer votre rue, vous pouvez t\u00e9l\u00e9charger\u00a0l&rsquo;application \u00ab\u00a0J&rsquo;allume ma rue\u00a0\u00bb\u00a0sur\u00a0Android\u00a0et\u00a0IOS. Puis accepter les CGU, et autoriser la [&hellip;]<\/p>\n","protected":false},"author":1,"featured_media":578,"parent":0,"menu_order":0,"comment_status":"closed","ping_status":"closed","template":"","meta":{"site-sidebar-layout":"default","site-content-layout":"","ast-site-content-layout":"default","site-content-style":"default","site-sidebar-style":"default","ast-global-header-display":"","ast-banner-title-visibility":"","ast-main-header-display":"","ast-hfb-above-header-display":"","ast-hfb-below-header-display":"","ast-hfb-mobile-header-display":"","site-post-title":"","ast-breadcrumbs-content":"","ast-featured-img":"","footer-sml-layout":"","ast-disable-related-posts":"","theme-transparent-header-meta":"default","adv-header-id-meta":"","stick-header-meta":"","header-above-stick-meta":"","header-main-stick-meta":"","header-below-stick-meta":"","astra-migrate-meta-layouts":"set","ast-page-background-enabled":"default","ast-page-background-meta":{"desktop":{"background-color":"var(--ast-global-color-5)","background-image":"","background-repeat":"repeat","background-position":"center center","background-size":"auto","background-attachment":"scroll","background-type":"","background-media":"","overlay-type":"","overlay-color":"","overlay-opacity":"","overlay-gradient":""},"tablet":{"background-color":"","background-image":"","background-repeat":"repeat","background-position":"center center","background-size":"auto","background-attachment":"scroll","background-type":"","background-media":"","overlay-type":"","overlay-color":"","overlay-opacity":"","overlay-gradient":""},"mobile":{"background-color":"","background-image":"","background-repeat":"repeat","background-position":"center center","background-size":"auto","background-attachment":"scroll","background-type":"","background-media":"","overlay-type":"","overlay-color":"","overlay-opacity":"","overlay-gradient":""}},"ast-content-background-meta":{"desktop":{"background-color":"var(--ast-global-color-4)","background-image":"","background-repeat":"repeat","background-position":"center center","background-size":"auto","background-attachment":"scroll","background-type":"","background-media":"","overlay-type":"","overlay-color":"","overlay-opacity":"","overlay-gradient":""},"tablet":{"background-color":"var(--ast-global-color-4)","background-image":"","background-repeat":"repeat","background-position":"center center","background-size":"auto","background-attachment":"scroll","background-type":"","background-media":"","overlay-type":"","overlay-color":"","overlay-opacity":"","overlay-gradient":""},"mobile":{"background-color":"var(--ast-global-color-4)","background-image":"","background-repeat":"repeat","background-position":"center center","background-size":"auto","background-attachment":"scroll","background-type":"","background-media":"","overlay-type":"","overlay-color":"","overlay-opacity":"","overlay-gradient":""}},"footnotes":""},"class_list":["post-7","page","type-page","status-publish","has-post-thumbnail","hentry"],"_links":{"self":[{"href":"https:\/\/www.cylumine.fr\/index.php\/wp-json\/wp\/v2\/pages\/7","targetHints":{"allow":["GET"]}}],"collection":[{"href":"https:\/\/www.cylumine.fr\/index.php\/wp-json\/wp\/v2\/pages"}],"about":[{"href":"https:\/\/www.cylumine.fr\/index.php\/wp-json\/wp\/v2\/types\/page"}],"author":[{"embeddable":true,"href":"https:\/\/www.cylumine.fr\/index.php\/wp-json\/wp\/v2\/users\/1"}],"replies":[{"embeddable":true,"href":"https:\/\/www.cylumine.fr\/index.php\/wp-json\/wp\/v2\/comments?post=7"}],"version-history":[{"count":6,"href":"https:\/\/www.cylumine.fr\/index.php\/wp-json\/wp\/v2\/pages\/7\/revisions"}],"predecessor-version":[{"id":609,"href":"https:\/\/www.cylumine.fr\/index.php\/wp-json\/wp\/v2\/pages\/7\/revisions\/609"}],"wp:featuredmedia":[{"embeddable":true,"href":"https:\/\/www.cylumine.fr\/index.php\/wp-json\/wp\/v2\/media\/578"}],"wp:attachment":[{"href":"https:\/\/www.cylumine.fr\/index.php\/wp-json\/wp\/v2\/media?parent=7"}],"curies":[{"name":"wp","href":"https:\/\/api.w.org\/{rel}","templated":true}]}}